t is -2272e - 3?
-22731
In base 7, what is -1 - -3611113?
3611112
In base 12, what is 28 + -415b8?
-41590
In base 3, what is -11222202222 + 2?
-11222202220
In base 2, what is -1011000 + 11110101110?
11101010110
In base 6, what is -3 - -402541?
402534
In base 6, what is -51 + -4514005?
-4514100
In base 8, what is 4 + 21631?
21635
In base 12, what is 3212 + -6?
3208
In base 13, what is -32b - 178?
-4a6
In base 16, what is 2 - 5d1ed?
-5d1eb
In base 11, what is -305a07 + 5?
-305a02
In base 4, what is 31 + -3023?
-2332
In base 10, what is -64 - -4395?
4331
In base 3, what is -112201 + 221?
-111210
In base 4, what is -22030032 + 10?
-22030022
In base 12, what is 1922 + 69?
198b
In base 4, what is 112001210 + -10?
112001200
In base 10, what is -12 - -988?
976
In base 6, what is -55 - 24044?
-24143
In base 6, what is -1110 + 5445?
4335
In base 6, what is -3445 - 1144?
-5033
In base 16, what is 2 + 3894b?
3894d
In base 9, what is -280 + 103?
-176
In base 14, what is 11a73 - -4?
11a77
In base 3, what is 110122 + -112110?
-1211
In base 7, what is 154 - -343?
530
In base 16, what is 0 - -39505?
39505
In base 6, what is -5 + 240151?
240142
In base 11, what is 10 - -7a09?
7a19
In base 12, what is -1825 + 9?
-1818
In base 15, what is 3 - -1d693?
1d696
In base 7, what is 21 + 325005?
325026
In base 4, what is 1 + -2031300202?
-2031300201
In base 9, what is 0 - -53063?
53063
In base 13, what is -104 - -b?
-c6
In base 4, what is 20 - 223323?
-223303
In base 5, what is -41 - -1204?
1113
In base 15, what is 8 - 2b6d?
-2b65
In base 7, what is 45423 - 4?
45416
In base 6, what is 502 - 1441?
-535
In base 4, what is 111 - 123211?
-123100
In base 15, what is 911 + -1?
910
In base 4, what is -3 - -1121002?
1120333
In base 5, what is -33 + -20114?
-20202
In base 11, what is -60a - 3?
-612
In base 6, what is -5 + -1555?
-2004
In base 2, what is 1001001011110 + 11101?
1001001111011
In base 10, what is -83 - 21102?
-21185
In base 5, what is 302 - 2202?
-1400
In base 15, what is -1 + 1cabb?
1caba
In base 9, what is -374 - 648?
-1133
In base 4, what is 21 - -101003?
101030
In base 14, what is 6d9 + 2c6?
9c1
In base 16, what is 1f - 75a5?
-7586
In base 3, what is 2 + -1010212110110?
-1010212110101
In base 12, what is -704a6 - -15?
-70491
In base 8, what is 22 - 105433?
-105411
In base 14, what is -2a29d - 2?
-2a2a1
In base 12, what is 4205 + 7?
4210
In base 4, what is -1233321 + 1200?
-1232121
In base 15, what is 496332 - -4?
496336
In base 2, what is 100000100 + 10101110?
110110010
In base 4, what is 2 + -1111112?
-1111110
In base 14, what is 51 + -8d5?
-884
In base 11, what is 1a0a45 - 4?
1a0a41
In base 13, what is -3 - -3bcc?
3bc9
In base 5, what is -320410101 + -10?
-320410111
In base 10, what is 4 - -33277?
33281
In base 3, what is -222 - 101112?
-102111
In base 13, what is 31b + -b93?
-875
In base 2, what is -101111010 - 10110001101?
-11100000111
In base 12, what is 42495 - -b?
424a4
In base 13, what is -8 - -546c7?
546bc
In base 5, what is -14 - 3314142?
-3314211
In base 4, what is -11 - 20130122?
-20130133
In base 3, what is 1101102222 + 11?
1101110010
In base 13, what is -9a7 - c0?
-a97
In base 8, what is 6 - 45524?
-45516
In base 9, what is 8 + 16266?
16275
In base 16, what is 21d - 22c8?
-20ab
In base 7, what is -4 + -6266?
-6303
In base 5, what is 101 + -14133?
-14032
In base 13, what is 641 - 126?
518
In base 10, what is -303187 - 4?
-303191
In base 7, what is 335120 + -3?
335114
In base 10, what is -5 + -6107?
-6112
In base 15, what is -2d2 - -4e?
-283
In base 6, what is -1105050 - -5?
-1105041
In base 10, what is 1 + 48071?
48072
In base 16, what is -1491f8 - 5?
-1491fd
In base 11, what is 5484 + 8?
5491
In base 11, what is 241 - 758?
-517
In base 4, what is -113312332 + -1?
-113312333
In base 6, what is -320214 + 4?
-320210
In base 11, what is 2952 + -21?
2931
In base 7, what is -1005366 - -1?
-1005365
In base 5, what is -203 - -103124?
102421
In base 3, what is -212 + -202111?
-210100
In base 13, what is 3 + b0b?
b11
In base 5, what is -2200 + 241234?
234034
In base 6, what is 4 - 52220?
-52212
In base 8, what is -1207 - 506?
-1715
In base 12, what is b + -6134?
-6125
In base 13, what is -b1 + 1531?
1450
In base 3, what is 22122100200 - 1?
22122100122
In base 13, what is -1082c - -4?
-10828
In base 6, what is -20 - 52521?
-52541
In base 12, what is -121a84 - 13?
-121a97
In base 6, what is -5 - -100532?
100523
In base 12, what is 0 - 87238?
-87238
In base 9, what is -35762 - 17?
-35780
In base 10, what is -1 + -86510?
-86511
In base 15, what is -a46516 + 0?
-a46516
In base 7, what is 3422 + -36?
3353
In base 14, what is -1 + 53bb?
53ba
In base 14, what is -1 + -6b7c?
-6b7d
In base 13, what is 541 + -5a?
4b4
In base 13, what is 320 + 50?
370
In base 12, what is 16 - -1375a7?
137601
In base 11, what is 11 - -11193?
111a4
In base 11, what is 140385 + 0?
140385
In base 2, what is -10101 - 101011101001001?
-101011101011110
In base 12, what is 278 + 53?
30b
In base 8, what is -301722 - -5?
-301715
In base 16, what is -262 + 1a?
-248
In base 10, what is 79 + 1801?
1880
In base 12, what is -13a4 + -1a7?
-158b
In base 4, what is -131300 + -13?
-131313
In base 13, what is -4 + 3c6?
3c2
In base 2, what is -111011001 - -1100?
-111001101
In base 16, what is -58c9 - 1?
-58ca
In base 7, what is 4 - 22212?
-22205
In base 9, what is 136 + -2880?
-2743
In base 9, what is 106 + 478?
585
In base 3, what is 2002 - -121221?
201000
In base 12, what is -390 - -12?
-37a
In base 10, what is 19 + 188913?
188932
In base 11, what is 4 - -148a4?
148a8
In base 4, what is -13321310 + -33?
-13322003
In base 6, what is -3255152 - -4?
-3255144
In base 12, what is 373 + 3b0?
763
In base 16, what is 5559 + -3e?
551b
In base 4, what is -221231312 - 10?
-221231322
In base 14, what is -b - 16cd3?
-16d00
In base 15, what is d2a9 - 0?
d2a9
In base 2, what is 11 - -1011000010100?
1011000010111
In base 5, what is -312 + 11422?
11110
In base 4, what is 1012202 - -1032?
1013300
In base 11, what is -126a72 + 4?
-126a69
In base 15, what is -1b40 + -201?
-1d41
In base 13, what is 4942 - 2?
4940
In base 9, what is -156 + -324?
-481
In base 2, what is 1010111001100100000 + 10?
1010111001100100010
In base 2, what is 10011100000 + 1001011001?
11100111001
In base 13, what is 5 + 9318?
9320
In base 6, what is 4125 - -1435?
10004
In base 14, what is -3 - -9d22?
9d1d
In base 10, what is 3 + 35396?
35399
In base 14, what is -751 - -300?
-451
In base 3, what is 21211 + -112200?
-20212
In base 8, what is 4 + -1143763?
-1143757
In base 15, what is 1277 + e0?
1367
In base 10, what is 836 - -209?
1045
In base 4, what is 2301 - 311?
1330
In base 5, what is -1 - 213020242?
-213020243
In base 5, what is 4 + 24404240?
24404244
In base 6, what is 0 + -1131231?
-1131231
In base 7, what is 11631 - 2161?
6440
In base 7, what is 44 + -3606?
-3532
In base 7, what is 5 - -504103?
504111
In base 10, what is -14903 - -4?
-14899
In base 9, what is 2 - -457081?
457083
In base 15, what is -dbc - 679?
-1546
In base 4, what is -330 + 13212?
12222
In base 2, what is -1101011010010011 - -10?
-1101011010010001
In base 6, what is -123204 + -114?
-123322
In base 11, what is 46a5 - -3?
46a8
In base 6, what is -3 - 1242534?
-1242541
In base 8, what is 2356 + -10?
2346
In base 11, what is -17 + 206a?
2053
In base 14, what is 80cd - 50?
807d
In base 4, what is -1001032 - 1121?
-1002213
In base 11, what is 4 + -387644?
-387640
In base 2, what is 1010011110000000 + 0?
1010011110000000
In base 11, what is -2 + -253a?
-2541
In base 5, what is 1322044 - 10?
1322034
In base 9, what is 8776 + 333?
10220
In base 10, what is -122 + -1300?
-1422
In base 16, what is 1 - -56c6?
56c7
In base 8, what is 30 + 2705?
2735
In base 7, what is -261 + -1504?
-2065
In base 11, what is 5 - -1387?
1391
In base 7, what is -1 + -444643?
-444644
In base 14, what is -44529 + -4?
-4452d
In base 4, what is -3002 - -1331?
-1011
In base 10, what is 1398 + 28?
1426
In base 3, what is -11 + 102111220110?
102111220022
In base 13, what is -16238 + -14?
-1624c
In base 12, what is -16a + -126?
-294
In base 13, what is -a50 - 15?
-a65
In base 14, what is -1b4c + 5?
-1b47
In base 16, what is -e4 + 78?
-6c
In base 15, what is cd - 22d?
-150
In base 3, what is -1210 + 212100201?
21202